CRAN Package Check Results for Package ICAOD

Last updated on 2021-11-28 03:54:09 CET.

Flavor Version Tinstall Tcheck Ttotal Status Flags
r-devel-linux-x86_64-debian-clang 1.0.1 NOTE
r-devel-linux-x86_64-debian-gcc 1.0.1 97.96 88.88 186.84 NOTE
r-devel-linux-x86_64-fedora-clang 1.0.1 395.76 NOTE
r-devel-linux-x86_64-fedora-gcc 1.0.1 363.01 NOTE
r-devel-windows-x86_64-new-UL 1.0.1 194.00 249.00 443.00 NOTE
r-devel-windows-x86_64-new-TK 1.0.1 NOTE
r-devel-windows-x86_64-old 1.0.1 165.00 194.00 359.00 NOTE
r-patched-linux-x86_64 1.0.1 124.62 115.17 239.79 NOTE
r-patched-solaris-x86 1.0.1 319.80 NOTE
r-release-linux-x86_64 1.0.1 NOTE
r-release-macos-arm64 1.0.1 NOTE
r-release-macos-x86_64 1.0.1 NOTE
r-release-windows-ix86+x86_64 1.0.1 332.00 237.00 569.00 NOTE
r-oldrel-macos-x86_64 1.0.1 NOTE
r-oldrel-windows-ix86+x86_64 1.0.1 256.00 231.00 487.00 OK

Check Details

Version: 1.0.1
Check: LazyData
Result: NOTE
     'LazyData' is specified without a 'data' directory
Flavors: r-devel-linux-x86_64-debian-clang, r-devel-linux-x86_64-debian-gcc, r-devel-linux-x86_64-fedora-clang, r-devel-linux-x86_64-fedora-gcc, r-devel-windows-x86_64-new-UL, r-devel-windows-x86_64-new-TK, r-devel-windows-x86_64-old, r-patched-linux-x86_64, r-patched-solaris-x86, r-release-linux-x86_64, r-release-macos-arm64, r-release-macos-x86_64, r-release-windows-ix86+x86_64

Version: 1.0.1
Check: installed package size
Result: NOTE
     installed size is 6.9Mb
     sub-directories of 1Mb or more:
     libs 6.1Mb
Flavors: r-devel-linux-x86_64-fedora-clang, r-release-macos-arm64, r-release-macos-x86_64, r-oldrel-macos-x86_64