CRAN Package Check Results for Package IAbin

Last updated on 2022-01-27 15:53:37 CET.

Flavor Version Tinstall Tcheck Ttotal Status Flags
r-devel-linux-x86_64-debian-clang 1.0 2.30 34.56 36.86 NOTE
r-devel-linux-x86_64-debian-gcc 1.0 1.75 27.21 28.96 NOTE
r-devel-linux-x86_64-fedora-clang 1.0 45.59 OK
r-devel-linux-x86_64-fedora-gcc 1.0 36.13 OK
r-devel-windows-x86_64-new-UL 1.0 13.00 57.00 70.00 NOTE
r-devel-windows-x86_64-new-TK 1.0 OK
r-patched-linux-x86_64 1.0 2.26 31.25 33.51 NOTE
r-release-linux-x86_64 1.0 2.02 31.48 33.50 NOTE
r-release-macos-arm64 1.0 OK
r-release-macos-x86_64 1.0 OK
r-release-windows-ix86+x86_64 1.0 5.00 41.00 46.00 NOTE
r-oldrel-macos-x86_64 1.0 OK
r-oldrel-windows-ix86+x86_64 1.0 5.00 39.00 44.00 NOTE

Check Details

Version: 1.0
Check: package vignettes
Result: NOTE
    Package vignette with placeholder title 'Vignette Title':
     'vignette-IAbin.Rmd'
Flavors: r-devel-linux-x86_64-debian-clang, r-devel-linux-x86_64-debian-gcc, r-devel-windows-x86_64-new-UL, r-patched-linux-x86_64, r-release-linux-x86_64, r-release-windows-ix86+x86_64, r-oldrel-windows-ix86+x86_64