CRAN Package Check Results for Package HeckmanEM

Last updated on 2022-01-23 15:49:09 CET.

Flavor Version Tinstall Tcheck Ttotal Status Flags
r-devel-linux-x86_64-debian-clang 0.1.2 9.41 90.80 100.21 OK
r-devel-linux-x86_64-debian-gcc 0.1.2 8.82 79.79 88.61 OK
r-devel-linux-x86_64-fedora-clang 0.1.2 124.50 OK
r-devel-linux-x86_64-fedora-gcc 0.1.2 110.21 OK
r-devel-windows-x86_64-new-UL 0.1.2 23.00 107.00 130.00 OK
r-devel-windows-x86_64-new-TK 0.1.2 ERROR
r-patched-linux-x86_64 0.1.2 8.75 86.89 95.64 OK
r-release-linux-x86_64 0.1.2 10.04 88.20 98.24 OK
r-release-macos-arm64 0.1.2 OK
r-release-macos-x86_64 0.1.2 OK
r-release-windows-ix86+x86_64 0.1.2 25.00 106.00 131.00 OK
r-oldrel-macos-x86_64 0.1.2 OK
r-oldrel-windows-ix86+x86_64 0.1.2 25.00 104.00 129.00 OK

Check Details

Version: 0.1.2
Check: package dependencies
Result: ERROR
    Package required but not available: 'sampleSelection'
    
    See section 'The DESCRIPTION file' in the 'Writing R Extensions'
    manual.
Flavor: r-devel-windows-x86_64-new-TK