CRAN Package Check Results for Package HUM

Last updated on 2024-07-21 03:55:25 CEST.

Flavor Version Tinstall Tcheck Ttotal Status Flags
r-devel-linux-x86_64-debian-clang 2.0 17.67 45.71 63.38 NOTE
r-devel-linux-x86_64-debian-gcc 2.0 13.80 34.76 48.56 NOTE
r-devel-linux-x86_64-fedora-clang 2.0 94.06 NOTE
r-devel-linux-x86_64-fedora-gcc 2.0 91.45 NOTE
r-devel-windows-x86_64 2.0 22.00 73.00 95.00 NOTE
r-patched-linux-x86_64 2.0 24.09 43.27 67.36 NOTE
r-release-linux-x86_64 2.0 18.47 44.45 62.92 NOTE
r-release-macos-arm64 2.0 28.00 NOTE
r-release-macos-x86_64 2.0 43.00 NOTE
r-release-windows-x86_64 2.0 24.00 72.00 96.00 NOTE
r-oldrel-macos-arm64 2.0 30.00 OK
r-oldrel-macos-x86_64 2.0 42.00 OK
r-oldrel-windows-x86_64 2.0 29.00 84.00 113.00 OK

Check Details

Version: 2.0
Check: Rd files
Result: NOTE checkRd: (-1) CalcROC.Rd:47: Lost braces 47 | The accuracy of the classifier is the mean value of dQuote{(optSn, optSp)} for two-class problem and the mean value of \dQuote{(optSn, optSp,optS3)} for three-class problem. | ^ Flavors: r-devel-linux-x86_64-debian-clang, r-devel-linux-x86_64-debian-gcc, r-devel-linux-x86_64-fedora-clang, r-devel-linux-x86_64-fedora-gcc, r-devel-windows-x86_64, r-patched-linux-x86_64, r-release-linux-x86_64, r-release-macos-arm64, r-release-macos-x86_64, r-release-windows-x86_64