CRAN Package Check Results for Package HSDiC

Last updated on 2024-06-20 03:51:36 CEST.

Flavor Version Tinstall Tcheck Ttotal Status Flags
r-devel-linux-x86_64-debian-clang 0.1 8.68 71.43 80.11 NOTE
r-devel-linux-x86_64-debian-gcc 0.1 6.23 55.26 61.49 NOTE
r-devel-linux-x86_64-fedora-clang 0.1 99.06 NOTE
r-devel-linux-x86_64-fedora-gcc 0.1 95.71 NOTE
r-devel-windows-x86_64 0.1 8.00 73.00 81.00 NOTE
r-patched-linux-x86_64 0.1 11.58 69.43 81.01 NOTE
r-release-linux-x86_64 0.1 6.72 70.56 77.28 NOTE
r-release-macos-arm64 0.1 31.00 NOTE
r-release-macos-x86_64 0.1 65.00 NOTE
r-release-windows-x86_64 0.1 8.00 76.00 84.00 NOTE
r-oldrel-macos-arm64 0.1 36.00 NOTE
r-oldrel-macos-x86_64 0.1 53.00 NOTE
r-oldrel-windows-x86_64 0.1 9.00 87.00 96.00 NOTE

Check Details

Version: 0.1
Check: LazyData
Result: NOTE 'LazyData' is specified without a 'data' directory Flavors: r-devel-linux-x86_64-debian-clang, r-devel-linux-x86_64-debian-gcc, r-devel-linux-x86_64-fedora-clang, r-devel-linux-x86_64-fedora-gcc, r-devel-windows-x86_64, r-patched-linux-x86_64, r-release-linux-x86_64, r-release-macos-arm64, r-release-macos-x86_64, r-release-windows-x86_64, r-oldrel-macos-arm64, r-oldrel-macos-x86_64, r-oldrel-windows-x86_64