CRAN Package Check Results for Package HCTR

Last updated on 2022-01-23 15:49:09 CET.

Flavor Version Tinstall Tcheck Ttotal Status Flags
r-devel-linux-x86_64-debian-clang 0.1.1 6.23 85.76 91.99 NOTE
r-devel-linux-x86_64-debian-gcc 0.1.1 6.23 76.12 82.35 NOTE
r-devel-linux-x86_64-fedora-clang 0.1.1 114.22 NOTE
r-devel-linux-x86_64-fedora-gcc 0.1.1 99.83 NOTE
r-devel-windows-x86_64-new-UL 0.1.1 22.00 114.00 136.00 NOTE
r-devel-windows-x86_64-new-TK 0.1.1 NOTE
r-patched-linux-x86_64 0.1.1 7.02 80.64 87.66 NOTE
r-release-linux-x86_64 0.1.1 5.76 81.65 87.41 NOTE
r-release-macos-arm64 0.1.1 NOTE
r-release-macos-x86_64 0.1.1 NOTE
r-release-windows-ix86+x86_64 0.1.1 18.00 96.00 114.00 NOTE
r-oldrel-macos-x86_64 0.1.1 OK
r-oldrel-windows-ix86+x86_64 0.1.1 21.00 100.00 121.00 OK

Check Details

Version: 0.1.1
Check: LazyData
Result: NOTE
     'LazyData' is specified without a 'data' directory
Flavors: r-devel-linux-x86_64-debian-clang, r-devel-linux-x86_64-debian-gcc, r-devel-linux-x86_64-fedora-clang, r-devel-linux-x86_64-fedora-gcc, r-devel-windows-x86_64-new-UL, r-devel-windows-x86_64-new-TK, r-patched-linux-x86_64, r-release-linux-x86_64, r-release-macos-arm64, r-release-macos-x86_64, r-release-windows-ix86+x86_64