CRAN Package Check Results for Package Grace

Last updated on 2022-01-20 15:56:58 CET.

Flavor Version Tinstall Tcheck Ttotal Status Flags
r-devel-linux-x86_64-debian-clang 0.5.3 NOTE
r-devel-linux-x86_64-debian-gcc 0.5.3 6.80 62.47 69.27 NOTE
r-devel-linux-x86_64-fedora-clang 0.5.3 106.06 NOTE
r-devel-linux-x86_64-fedora-gcc 0.5.3 97.20 NOTE
r-devel-windows-x86_64-new-UL 0.5.3 20.00 105.00 125.00 NOTE
r-devel-windows-x86_64-new-TK 0.5.3 NOTE
r-patched-linux-x86_64 0.5.3 5.41 79.46 84.87 NOTE
r-release-linux-x86_64 0.5.3 5.43 79.53 84.96 NOTE
r-release-macos-arm64 0.5.3 NOTE
r-release-macos-x86_64 0.5.3 NOTE
r-release-windows-ix86+x86_64 0.5.3 18.00 94.00 112.00 NOTE
r-oldrel-macos-x86_64 0.5.3 OK
r-oldrel-windows-ix86+x86_64 0.5.3 18.00 94.00 112.00 OK

Check Details

Version: 0.5.3
Check: LazyData
Result: NOTE
     'LazyData' is specified without a 'data' directory
Flavors: r-devel-linux-x86_64-debian-clang, r-devel-linux-x86_64-debian-gcc, r-devel-linux-x86_64-fedora-clang, r-devel-linux-x86_64-fedora-gcc, r-devel-windows-x86_64-new-UL, r-devel-windows-x86_64-new-TK, r-patched-linux-x86_64, r-release-linux-x86_64, r-release-macos-arm64, r-release-macos-x86_64, r-release-windows-ix86+x86_64