CRAN Package Check Results for Package Grace

Last updated on 2024-06-15 15:49:07 CEST.

Flavor Version Tinstall Tcheck Ttotal Status Flags
r-devel-linux-x86_64-debian-clang 0.5.3 8.14 79.33 87.47 NOTE
r-devel-linux-x86_64-debian-gcc 0.5.3 6.26 60.99 67.25 NOTE
r-devel-linux-x86_64-fedora-clang 0.5.3 106.33 NOTE
r-devel-linux-x86_64-fedora-gcc 0.5.3 103.61 NOTE
r-devel-windows-x86_64 0.5.3 7.00 80.00 87.00 NOTE
r-patched-linux-x86_64 0.5.3 7.66 76.23 83.89 NOTE
r-release-linux-x86_64 0.5.3 7.59 77.16 84.75 NOTE
r-release-macos-arm64 0.5.3 33.00 NOTE
r-release-macos-x86_64 0.5.3 50.00 NOTE
r-release-windows-x86_64 0.5.3 8.00 79.00 87.00 NOTE
r-oldrel-macos-arm64 0.5.3 40.00 NOTE
r-oldrel-macos-x86_64 0.5.3 60.00 NOTE
r-oldrel-windows-x86_64 0.5.3 10.00 98.00 108.00 NOTE

Check Details

Version: 0.5.3
Check: LazyData
Result: NOTE 'LazyData' is specified without a 'data' directory Flavors: r-devel-linux-x86_64-debian-clang, r-devel-linux-x86_64-debian-gcc, r-devel-linux-x86_64-fedora-clang, r-devel-linux-x86_64-fedora-gcc, r-devel-windows-x86_64, r-patched-linux-x86_64, r-release-linux-x86_64, r-release-macos-arm64, r-release-macos-x86_64, r-release-windows-x86_64, r-oldrel-macos-arm64, r-oldrel-macos-x86_64, r-oldrel-windows-x86_64