CRAN Package Check Results for Package GpGp

Last updated on 2022-01-23 02:56:13 CET.

Flavor Version Tinstall Tcheck Ttotal Status Flags
r-devel-linux-x86_64-debian-clang 0.4.0 86.38 87.48 173.86 OK
r-devel-linux-x86_64-debian-gcc 0.4.0 54.88 57.67 112.55 OK
r-devel-linux-x86_64-fedora-clang 0.4.0 216.08 NOTE
r-devel-linux-x86_64-fedora-gcc 0.4.0 183.65 OK
r-devel-windows-x86_64-new-UL 0.4.0 101.00 124.00 225.00 OK
r-devel-windows-x86_64-new-TK 0.4.0 OK
r-patched-linux-x86_64 0.4.0 67.10 73.27 140.37 OK
r-release-linux-x86_64 0.4.0 62.07 73.14 135.21 OK
r-release-macos-arm64 0.4.0 NOTE
r-release-macos-x86_64 0.4.0 NOTE
r-release-windows-ix86+x86_64 0.4.0 165.00 148.00 313.00 OK
r-oldrel-macos-x86_64 0.4.0 NOTE
r-oldrel-windows-ix86+x86_64 0.4.0 161.00 150.00 311.00 OK

Check Details

Version: 0.4.0
Check: installed package size
Result: NOTE
     installed size is 7.7Mb
     sub-directories of 1Mb or more:
     data 1.4Mb
     libs 5.9Mb
Flavors: r-devel-linux-x86_64-fedora-clang, r-release-macos-arm64, r-release-macos-x86_64, r-oldrel-macos-x86_64