CRAN Package Check Results for Package GlobalDeviance

Last updated on 2022-01-22 03:56:45 CET.

Flavor Version Tinstall Tcheck Ttotal Status Flags
r-devel-linux-x86_64-debian-clang 0.4 2.81 34.36 37.17 NOTE
r-devel-linux-x86_64-debian-gcc 0.4 1.77 26.55 28.32 NOTE
r-devel-linux-x86_64-fedora-clang 0.4 45.34 NOTE
r-devel-linux-x86_64-fedora-gcc 0.4 34.27 NOTE
r-devel-windows-x86_64-new-UL 0.4 65.00 58.00 123.00 NOTE
r-devel-windows-x86_64-new-TK 0.4 NOTE
r-patched-linux-x86_64 0.4 2.43 33.53 35.96 NOTE
r-release-linux-x86_64 0.4 2.36 33.12 35.48 NOTE
r-release-macos-arm64 0.4 NOTE
r-release-macos-x86_64 0.4 NOTE
r-release-windows-ix86+x86_64 0.4 4.00 32.00 36.00 NOTE
r-oldrel-macos-x86_64 0.4 NOTE
r-oldrel-windows-ix86+x86_64 0.4 4.00 41.00 45.00 NOTE

Check Details

Version: 0.4
Check: DESCRIPTION meta-information
Result: NOTE
    Malformed Description field: should contain one or more complete sentences.
Flavors: r-devel-linux-x86_64-debian-clang, r-devel-linux-x86_64-debian-gcc, r-devel-linux-x86_64-fedora-clang, r-devel-linux-x86_64-fedora-gcc, r-devel-windows-x86_64-new-UL, r-devel-windows-x86_64-new-TK, r-patched-linux-x86_64, r-release-linux-x86_64, r-release-macos-arm64, r-release-macos-x86_64, r-release-windows-ix86+x86_64, r-oldrel-macos-x86_64, r-oldrel-windows-ix86+x86_64

Version: 0.4
Check: R code for possible problems
Result: NOTE
    .nPerms: no visible global function definition for 'terms'
    expr.dev.test: no visible global function definition for 'terms'
    expr.dev.test: no visible global function definition for 'model.matrix'
    expr.dev.test: no visible global function definition for 'pchisq'
    lancaster: no visible global function definition for 'pgamma'
    liptak: no visible global function definition for 'pnorm'
    summary.dev.test : ci: no visible global function definition for
     'qnorm'
    varwiselogLik : <anonymous>: no visible global function definition for
     'deviance'
    varwiselogLik.regression: no visible global function definition for
     'glm.fit'
    Undefined global functions or variables:
     deviance glm.fit model.matrix pchisq pgamma pnorm qnorm terms
    Consider adding
     importFrom("stats", "deviance", "glm.fit", "model.matrix", "pchisq",
     "pgamma", "pnorm", "qnorm", "terms")
    to your NAMESPACE file.
Flavors: r-devel-linux-x86_64-debian-clang, r-devel-linux-x86_64-debian-gcc, r-devel-linux-x86_64-fedora-clang, r-devel-linux-x86_64-fedora-gcc, r-devel-windows-x86_64-new-UL, r-devel-windows-x86_64-new-TK, r-patched-linux-x86_64, r-release-linux-x86_64, r-release-macos-arm64, r-release-macos-x86_64, r-release-windows-ix86+x86_64, r-oldrel-macos-x86_64, r-oldrel-windows-ix86+x86_64