CRAN Package Check Results for Package GeoRange

Last updated on 2022-01-27 15:53:35 CET.

Flavor Version Tinstall Tcheck Ttotal Status Flags
r-devel-linux-x86_64-debian-clang 0.1.0 5.56 62.26 67.82 OK
r-devel-linux-x86_64-debian-gcc 0.1.0 3.43 46.48 49.91 OK
r-devel-linux-x86_64-fedora-clang 0.1.0 78.77 NOTE
r-devel-linux-x86_64-fedora-gcc 0.1.0 68.65 NOTE
r-devel-windows-x86_64-new-UL 0.1.0 46.00 82.00 128.00 OK
r-devel-windows-x86_64-new-TK 0.1.0 NOTE
r-patched-linux-x86_64 0.1.0 4.02 58.38 62.40 OK
r-release-linux-x86_64 0.1.0 3.65 57.81 61.46 OK
r-release-macos-arm64 0.1.0 NOTE
r-release-macos-x86_64 0.1.0 NOTE
r-release-windows-ix86+x86_64 0.1.0 10.00 71.00 81.00 OK
r-oldrel-macos-x86_64 0.1.0 NOTE
r-oldrel-windows-ix86+x86_64 0.1.0 12.00 73.00 85.00 OK

Check Details

Version: 0.1.0
Check: dependencies in R code
Result: NOTE
    Namespace in Imports field not imported from: ‘velociraptr’
     All declared Imports should be used.
Flavors: r-devel-linux-x86_64-fedora-clang, r-devel-linux-x86_64-fedora-gcc, r-devel-windows-x86_64-new-TK, r-release-macos-arm64, r-release-macos-x86_64, r-oldrel-macos-x86_64