CRAN Package Check Results for Package GenHMM1d

Last updated on 2021-12-07 03:53:42 CET.

Flavor Version Tinstall Tcheck Ttotal Status Flags
r-devel-linux-x86_64-debian-clang 0.1.0 19.55 116.85 136.40 NOTE
r-devel-linux-x86_64-debian-gcc 0.1.0 16.51 83.49 100.00 NOTE
r-devel-linux-x86_64-fedora-clang 0.1.0 164.85 NOTE
r-devel-linux-x86_64-fedora-gcc 0.1.0 150.84 NOTE
r-devel-windows-x86_64-new-UL 0.1.0 35.00 136.00 171.00 NOTE
r-devel-windows-x86_64-new-TK 0.1.0 NOTE
r-devel-windows-x86_64-old 0.1.0 30.00 121.00 151.00 NOTE
r-patched-linux-x86_64 0.1.0 16.62 99.57 116.19 NOTE
r-release-linux-x86_64 0.1.0 16.89 108.73 125.62 NOTE
r-release-macos-arm64 0.1.0 NOTE
r-release-macos-x86_64 0.1.0 NOTE
r-release-windows-ix86+x86_64 0.1.0 28.00 123.00 151.00 NOTE
r-oldrel-macos-x86_64 0.1.0 OK
r-oldrel-windows-ix86+x86_64 0.1.0 33.00 99.00 132.00 OK

Check Details

Version: 0.1.0
Check: LazyData
Result: NOTE
     'LazyData' is specified without a 'data' directory
Flavors: r-devel-linux-x86_64-debian-clang, r-devel-linux-x86_64-debian-gcc, r-devel-linux-x86_64-fedora-clang, r-devel-linux-x86_64-fedora-gcc, r-devel-windows-x86_64-new-UL, r-devel-windows-x86_64-new-TK, r-devel-windows-x86_64-old, r-patched-linux-x86_64, r-release-linux-x86_64, r-release-macos-arm64, r-release-macos-x86_64, r-release-windows-ix86+x86_64