CRAN Package Check Results for Package GeNetIt

Last updated on 2022-01-22 15:52:12 CET.

Flavor Version Tinstall Tcheck Ttotal Status Flags
r-devel-linux-x86_64-debian-clang 0.1-4 4.81 60.89 65.70 OK
r-devel-linux-x86_64-debian-gcc 0.1-4 4.58 46.95 51.53 OK
r-devel-linux-x86_64-fedora-clang 0.1-4 81.33 NOTE
r-devel-linux-x86_64-fedora-gcc 0.1-4 70.22 NOTE
r-devel-windows-x86_64-new-UL 0.1-4 32.00 80.00 112.00 OK
r-devel-windows-x86_64-new-TK 0.1-4 NOTE
r-patched-linux-x86_64 0.1-4 4.36 57.68 62.04 OK
r-release-linux-x86_64 0.1-4 4.27 57.73 62.00 OK
r-release-macos-arm64 0.1-4 NOTE
r-release-macos-x86_64 0.1-4 NOTE
r-release-windows-ix86+x86_64 0.1-4 10.00 73.00 83.00 OK
r-oldrel-macos-x86_64 0.1-4 NOTE
r-oldrel-windows-ix86+x86_64 0.1-4 9.00 73.00 82.00 OK

Check Details

Version: 0.1-4
Check: dependencies in R code
Result: NOTE
    Namespace in Imports field not imported from: ‘rgeos’
     All declared Imports should be used.
Flavors: r-devel-linux-x86_64-fedora-clang, r-devel-linux-x86_64-fedora-gcc, r-devel-windows-x86_64-new-TK, r-release-macos-arm64, r-release-macos-x86_64, r-oldrel-macos-x86_64