CRAN Package Check Results for Package GaussianHMM1d

Last updated on 2024-07-24 15:51:37 CEST.

Flavor Version Tinstall Tcheck Ttotal Status Flags
r-devel-linux-x86_64-debian-clang 1.1.1 3.51 25.43 28.94 NOTE
r-devel-linux-x86_64-debian-gcc 1.1.1 3.03 19.42 22.45 NOTE
r-devel-linux-x86_64-fedora-clang 1.1.1 36.74 NOTE
r-devel-linux-x86_64-fedora-gcc 1.1.1 35.27 NOTE
r-devel-windows-x86_64 1.1.1 7.00 44.00 51.00 NOTE
r-patched-linux-x86_64 1.1.1 3.82 24.50 28.32 NOTE
r-release-linux-x86_64 1.1.1 3.12 24.77 27.89 NOTE
r-release-macos-arm64 1.1.1 17.00 NOTE
r-release-macos-x86_64 1.1.1 25.00 NOTE
r-release-windows-x86_64 1.1.1 6.00 44.00 50.00 NOTE
r-oldrel-macos-arm64 1.1.1 18.00 OK
r-oldrel-macos-x86_64 1.1.1 34.00 OK
r-oldrel-windows-x86_64 1.1.1 8.00 47.00 55.00 OK

Check Details

Version: 1.1.1
Check: Rd files
Result: NOTE checkRd: (-1) Sim.Markov.Chain.Rd:14: Lost braces; missing escapes or markup? 14 | \item{eta0}{inital value in {1,...,r}.} | ^ Flavors: r-devel-linux-x86_64-debian-clang, r-devel-linux-x86_64-debian-gcc, r-devel-linux-x86_64-fedora-clang, r-devel-linux-x86_64-fedora-gcc, r-devel-windows-x86_64, r-patched-linux-x86_64, r-release-linux-x86_64, r-release-macos-arm64, r-release-macos-x86_64, r-release-windows-x86_64