CRAN Package Check Results for Package GapAnalysis

Last updated on 2022-06-25 03:50:58 CEST.

Flavor Version Tinstall Tcheck Ttotal Status Flags
r-devel-linux-x86_64-debian-clang 1.0.2 33.56 345.54 379.10 OK
r-devel-linux-x86_64-debian-gcc 1.0.2 29.98 248.93 278.91 OK
r-devel-linux-x86_64-fedora-clang 1.0.2 471.99 NOTE
r-devel-linux-x86_64-fedora-gcc 1.0.2 451.41 NOTE
r-devel-windows-x86_64 1.0.2 50.00 340.00 390.00 OK
r-patched-linux-x86_64 1.0.2 23.73 330.51 354.24 OK
r-release-linux-x86_64 1.0.2 22.80 329.32 352.12 OK
r-release-macos-arm64 1.0.2 115.00 NOTE
r-release-macos-x86_64 1.0.2 197.00 NOTE
r-release-windows-x86_64 1.0.2 49.00 336.00 385.00 OK
r-oldrel-macos-arm64 1.0.2 89.00 NOTE
r-oldrel-macos-x86_64 1.0.2 102.00 NOTE
r-oldrel-windows-ix86+x86_64 1.0.2 83.00 343.00 426.00 OK

Check Details

Version: 1.0.2
Check: data for non-ASCII characters
Result: NOTE
     Note: found 2 marked UTF-8 strings
Flavors: r-devel-linux-x86_64-fedora-clang, r-devel-linux-x86_64-fedora-gcc, r-release-macos-arm64, r-release-macos-x86_64, r-oldrel-macos-arm64, r-oldrel-macos-x86_64