CRAN Package Check Results for Package GWmodel

Last updated on 2022-01-26 03:54:23 CET.

Flavor Version Tinstall Tcheck Ttotal Status Flags
r-devel-linux-x86_64-debian-clang 2.2-8 90.32 410.68 501.00 OK
r-devel-linux-x86_64-debian-gcc 2.2-8 71.04 299.12 370.16 OK
r-devel-linux-x86_64-fedora-clang 2.2-8 624.49 NOTE
r-devel-linux-x86_64-fedora-gcc 2.2-8 597.24 OK
r-devel-windows-x86_64-new-UL 2.2-8 128.00 431.00 559.00 OK
r-devel-windows-x86_64-new-TK 2.2-8 OK
r-patched-linux-x86_64 2.2-8 91.27 368.88 460.15 OK
r-release-linux-x86_64 2.2-8 82.79 366.82 449.61 OK
r-release-macos-arm64 2.2-8 NOTE
r-release-macos-x86_64 2.2-8 NOTE
r-release-windows-ix86+x86_64 2.2-8 218.00 566.00 784.00 NOTE
r-oldrel-macos-x86_64 2.2-8 NOTE
r-oldrel-windows-ix86+x86_64 2.2-8 221.00 583.00 804.00 NOTE

Check Details

Version: 2.2-8
Check: installed package size
Result: NOTE
     installed size is 6.4Mb
     sub-directories of 1Mb or more:
     data 1.5Mb
     libs 4.0Mb
Flavors: r-devel-linux-x86_64-fedora-clang, r-release-macos-arm64, r-release-macos-x86_64, r-release-windows-ix86+x86_64, r-oldrel-macos-x86_64, r-oldrel-windows-ix86+x86_64