CRAN Package Check Results for Package GWEX

Last updated on 2021-11-27 15:50:43 CET.

Flavor Version Tinstall Tcheck Ttotal Status Flags
r-devel-linux-x86_64-debian-clang 1.0.2 OK
r-devel-linux-x86_64-debian-gcc 1.0.2 5.10 29.65 34.75 OK
r-devel-linux-x86_64-fedora-clang 1.0.2 65.20 NOTE
r-devel-linux-x86_64-fedora-gcc 1.0.2 53.84 NOTE
r-devel-windows-x86_64-new-UL 1.0.2 20.00 92.00 112.00 OK
r-devel-windows-x86_64-new-TK 1.0.2 OK
r-devel-windows-x86_64-old 1.0.2 11.00 70.00 81.00 OK
r-patched-linux-x86_64 1.0.2 6.44 37.04 43.48 OK
r-patched-solaris-x86 1.0.2 86.10 OK
r-release-linux-x86_64 1.0.2 OK
r-release-macos-arm64 1.0.2 OK
r-release-macos-x86_64 1.0.2 OK
r-release-windows-ix86+x86_64 1.0.2 19.00 62.00 81.00 OK
r-oldrel-macos-x86_64 1.0.2 OK
r-oldrel-windows-ix86+x86_64 1.0.2 29.00 91.00 120.00 OK

Check Details

Version: 1.0.2
Check: compiled code
Result: NOTE
    File ‘GWEX/libs/GWEX.so’:
     Found no calls to: ‘R_registerRoutines’, ‘R_useDynamicSymbols’
    
    It is good practice to register native routines and to disable symbol
    search.
    
    See ‘Writing portable packages’ in the ‘Writing R Extensions’ manual.
Flavors: r-devel-linux-x86_64-fedora-clang, r-devel-linux-x86_64-fedora-gcc