CRAN Package Check Results for Package GRShiny

Last updated on 2024-07-23 03:57:25 CEST.

Flavor Version Tinstall Tcheck Ttotal Status Flags
r-devel-linux-x86_64-debian-clang 1.0.0 19.42 199.17 218.59 NOTE
r-devel-linux-x86_64-debian-gcc 1.0.0 15.26 146.78 162.04 NOTE
r-devel-linux-x86_64-fedora-clang 1.0.0 282.62 NOTE
r-devel-linux-x86_64-fedora-gcc 1.0.0 263.01 NOTE
r-devel-windows-x86_64 1.0.0 18.00 149.00 167.00 NOTE
r-patched-linux-x86_64 1.0.0 24.30 187.12 211.42 NOTE
r-release-linux-x86_64 1.0.0 12.84 188.94 201.78 NOTE
r-release-macos-arm64 1.0.0 75.00 NOTE
r-release-macos-x86_64 1.0.0 142.00 NOTE
r-release-windows-x86_64 1.0.0 18.00 145.00 163.00 NOTE
r-oldrel-macos-arm64 1.0.0 76.00 OK
r-oldrel-macos-x86_64 1.0.0 153.00 OK
r-oldrel-windows-x86_64 1.0.0 25.00 189.00 214.00 OK

Check Details

Version: 1.0.0
Check: Rd files
Result: NOTE checkRd: (-1) runGRM.Rd:24: Lost braces 24 | from \code{\link{mirt}} or code{\linkS4class{lavaan}} from from | ^ Flavors: r-devel-linux-x86_64-debian-clang, r-devel-linux-x86_64-debian-gcc, r-devel-linux-x86_64-fedora-clang, r-devel-linux-x86_64-fedora-gcc, r-devel-windows-x86_64, r-patched-linux-x86_64, r-release-linux-x86_64, r-release-macos-arm64, r-release-macos-x86_64, r-release-windows-x86_64

Version: 1.0.0
Check: Rd cross-references
Result: NOTE Found the following Rd file(s) with Rd \link{} targets missing package anchors: ESplot.Rd: scale_color_viridis_d, ggplot FSplot.Rd: ggplot ICCplot.Rd: scale_color_viridis_d, ggplot genLavSyn.Rd: lavaan infoPlot.Rd: scale_color_viridis_d, ggplot runGRM.Rd: lavaan, SingleGroupClass-class, mirt, lavaan-class Please provide package anchors for all Rd \link{} targets not in the package itself and the base packages. Flavors: r-devel-linux-x86_64-debian-gcc, r-devel-windows-x86_64

Version: 1.0.0
Check: package dependencies
Result: NOTE Imports includes 21 non-default packages. Importing from so many packages makes the package vulnerable to any of them becoming unavailable. Move as many as possible to Suggests and use conditionally. Flavor: r-devel-linux-x86_64-fedora-clang