CRAN Package Check Results for Package GPrank

Last updated on 2022-01-28 04:00:50 CET.

Flavor Version Tinstall Tcheck Ttotal Status Flags
r-devel-linux-x86_64-debian-clang 0.1.4 14.29 167.71 182.00 NOTE
r-devel-linux-x86_64-debian-gcc 0.1.4 11.52 127.82 139.34 NOTE
r-devel-linux-x86_64-fedora-clang 0.1.4 212.25 NOTE
r-devel-linux-x86_64-fedora-gcc 0.1.4 202.81 NOTE
r-devel-windows-x86_64-new-UL 0.1.4 38.00 193.00 231.00 OK
r-devel-windows-x86_64-new-TK 0.1.4 OK
r-patched-linux-x86_64 0.1.4 11.23 154.85 166.08 NOTE
r-release-linux-x86_64 0.1.4 13.40 149.44 162.84 NOTE
r-release-macos-arm64 0.1.4 OK
r-release-macos-x86_64 0.1.4 OK
r-release-windows-ix86+x86_64 0.1.4 30.00 178.00 208.00 OK
r-oldrel-macos-x86_64 0.1.4 OK
r-oldrel-windows-ix86+x86_64 0.1.4 30.00 180.00 210.00 OK

Check Details

Version: 0.1.4
Check: for non-standard things in the check directory
Result: NOTE
    Found the following files/directories:
     'geneA_GPprofile.pdf' 'geneA_abstr.png' 'geneA_gene.png'
     'geneA_reltr.png' 'geneB_abstr.png' 'geneB_gene.png'
     'geneB_reltr.png' 'geneC_abstr.png' 'geneC_gene.png'
     'geneC_reltr.png' 'testdb.sqlite'
Flavors: r-devel-linux-x86_64-debian-clang, r-devel-linux-x86_64-debian-gcc, r-devel-linux-x86_64-fedora-clang, r-devel-linux-x86_64-fedora-gcc, r-patched-linux-x86_64, r-release-linux-x86_64