CRAN Package Check Results for Package GNRS

Last updated on 2022-01-20 03:55:30 CET.

Flavor Version Tinstall Tcheck Ttotal Status Flags
r-devel-linux-x86_64-debian-clang 0.3.4 OK
r-devel-linux-x86_64-debian-gcc 0.3.4 4.52 58.54 63.06 OK
r-devel-linux-x86_64-fedora-clang 0.3.4 94.81 NOTE
r-devel-linux-x86_64-fedora-gcc 0.3.4 85.57 NOTE
r-devel-windows-x86_64-new-UL 0.3.4 59.00 129.00 188.00 OK
r-devel-windows-x86_64-new-TK 0.3.4 NOTE
r-patched-linux-x86_64 0.3.4 5.91 78.09 84.00 OK
r-release-linux-x86_64 0.3.4 OK
r-release-macos-arm64 0.3.4 NOTE
r-release-macos-x86_64 0.3.4 NOTE
r-release-windows-ix86+x86_64 0.3.4 8.00 97.00 105.00 OK
r-oldrel-macos-x86_64 0.3.4 NOTE
r-oldrel-windows-ix86+x86_64 0.3.4 8.00 98.00 106.00 OK

Check Details

Version: 0.3.4
Check: data for non-ASCII characters
Result: NOTE
     Note: found 3 marked UTF-8 strings
Flavors: r-devel-linux-x86_64-fedora-clang, r-devel-linux-x86_64-fedora-gcc, r-devel-windows-x86_64-new-TK, r-release-macos-arm64, r-release-macos-x86_64, r-oldrel-macos-x86_64