CRAN Package Check Results for Package GMDH2

Last updated on 2022-01-25 15:54:19 CET.

Flavor Version Tinstall Tcheck Ttotal Status Flags
r-devel-linux-x86_64-debian-clang 1.6 13.00 124.82 137.82 OK
r-devel-linux-x86_64-debian-gcc 1.6 11.64 103.37 115.01 OK
r-devel-linux-x86_64-fedora-clang 1.6 157.16 NOTE
r-devel-linux-x86_64-fedora-gcc 1.6 152.64 OK
r-devel-windows-x86_64-new-UL 1.6 23.00 139.00 162.00 OK
r-devel-windows-x86_64-new-TK 1.6 OK
r-patched-linux-x86_64 1.6 8.32 112.18 120.50 OK
r-release-linux-x86_64 1.6 8.31 110.49 118.80 OK
r-release-macos-arm64 1.6 OK
r-release-macos-x86_64 1.6 OK
r-release-windows-ix86+x86_64 1.6 28.00 134.00 162.00 OK
r-oldrel-macos-x86_64 1.6 OK
r-oldrel-windows-ix86+x86_64 1.6 30.00 134.00 164.00 OK

Check Details

Version: 1.6
Check: Rd cross-references
Result: NOTE
    Undeclared package ‘caret’ in Rd xrefs
Flavor: r-devel-linux-x86_64-fedora-clang