CRAN Package Check Results for Package GMCM

Last updated on 2023-02-03 03:55:52 CET.

Flavor Version Tinstall Tcheck Ttotal Status Flags
r-devel-linux-x86_64-debian-clang 1.4 39.04 213.43 252.47 OK
r-devel-linux-x86_64-debian-gcc 1.4 29.56 149.52 179.08 OK
r-devel-linux-x86_64-fedora-clang 1.4 313.15 OK
r-devel-linux-x86_64-fedora-gcc 1.4 310.06 OK
r-devel-windows-x86_64 1.4 75.00 358.00 433.00 OK
r-patched-linux-x86_64 1.4 34.16 195.21 229.37 OK
r-release-linux-x86_64 1.4 35.37 192.59 227.96 OK
r-release-macos-arm64 1.4 85.00 OK
r-release-macos-x86_64 1.4 120.00 OK
r-release-windows-x86_64 1.4 60.00 361.00 421.00 OK
r-oldrel-macos-arm64 1.4 94.00 NOTE
r-oldrel-macos-x86_64 1.4 181.00 OK
r-oldrel-windows-ix86+x86_64 1.4 90.00 409.00 499.00 OK

Check Details

Version: 1.4
Check: installed package size
Result: NOTE
     installed size is 5.2Mb
     sub-directories of 1Mb or more:
     data 1.2Mb
     doc 1.1Mb
     libs 2.5Mb
Flavor: r-oldrel-macos-arm64