CRAN Package Check Results for Package GGMncv

Last updated on 2022-01-26 03:54:22 CET.

Flavor Version Tinstall Tcheck Ttotal Status Flags
r-devel-linux-x86_64-debian-clang 2.1.1 37.57 128.03 165.60 OK
r-devel-linux-x86_64-debian-gcc 2.1.1 28.19 96.49 124.68 OK
r-devel-linux-x86_64-fedora-clang 2.1.1 225.80 NOTE
r-devel-linux-x86_64-fedora-gcc 2.1.1 199.89 NOTE
r-devel-windows-x86_64-new-UL 2.1.1 64.00 204.00 268.00 OK
r-devel-windows-x86_64-new-TK 2.1.1 ERROR
r-patched-linux-x86_64 2.1.1 34.38 114.08 148.46 OK
r-release-linux-x86_64 2.1.1 34.72 114.05 148.77 OK
r-release-macos-arm64 2.1.1 NOTE
r-release-macos-x86_64 2.1.1 NOTE
r-release-windows-ix86+x86_64 2.1.1 91.00 177.00 268.00 OK
r-oldrel-macos-x86_64 2.1.1 NOTE
r-oldrel-windows-ix86+x86_64 2.1.1 91.00 176.00 267.00 OK

Check Details

Version: 2.1.1
Check: dependencies in R code
Result: NOTE
    Namespaces in Imports field not imported from:
     ‘Rdpack’ ‘mathjaxr’
     All declared Imports should be used.
Flavors: r-devel-linux-x86_64-fedora-clang, r-devel-linux-x86_64-fedora-gcc, r-devel-windows-x86_64-new-TK, r-release-macos-arm64, r-release-macos-x86_64, r-oldrel-macos-x86_64

Version: 2.1.1
Check: package dependencies
Result: NOTE
    Packages suggested but not available for checking: 'car', 'nlshrink'
Flavor: r-devel-windows-x86_64-new-TK

Version: 2.1.1
Check: examples
Result: ERROR
    Running examples in 'GGMncv-Ex.R' failed
    The error most likely occurred in:
    
    > ### Name: ledoit_wolf
    > ### Title: Ledoit and Wolf Shrinkage Estimator
    > ### Aliases: ledoit_wolf
    >
    > ### ** Examples
    >
    >
    > # ptsd
    > Y <- ptsd[,1:5]
    >
    > # shrinkage
    > ledoit_wolf(Y)
    Error in ledoit_wolf(Y) : Please install the 'nlshrink' package.
    Execution halted
Flavor: r-devel-windows-x86_64-new-TK

Version: 2.1.1
Check: re-building of vignette outputs
Result: WARN
    Error(s) in re-building vignettes:
    --- re-building 'cpu_time.Rmd' using rmarkdown
    --- finished re-building 'cpu_time.Rmd'
    
    --- re-building 'high_dim.Rmd' using rmarkdown
    Quitting from lines 64-68 (high_dim.Rmd)
    Error: processing vignette 'high_dim.Rmd' failed with diagnostics:
    Please install the 'nlshrink' package.
    --- failed re-building 'high_dim.Rmd'
    
    --- re-building 'nct_custom.Rmd' using rmarkdown
    --- finished re-building 'nct_custom.Rmd'
    
    --- re-building 'null_dist.Rmd' using rmarkdown
    --- finished re-building 'null_dist.Rmd'
    
    --- re-building 'sign_restrict.Rmd' using rmarkdown
    corrplot 0.92 loaded
    --- finished re-building 'sign_restrict.Rmd'
    
    SUMMARY: processing the following file failed:
     'high_dim.Rmd'
    
    Error: Vignette re-building failed.
    Execution halted
Flavor: r-devel-windows-x86_64-new-TK