CRAN Package Check Results for Package GFD

Last updated on 2021-12-07 03:53:42 CET.

Flavor Version Tinstall Tcheck Ttotal Status Flags
r-devel-linux-x86_64-debian-clang 0.3.2 6.36 74.67 81.03 NOTE
r-devel-linux-x86_64-debian-gcc 0.3.2 4.76 57.73 62.49 NOTE
r-devel-linux-x86_64-fedora-clang 0.3.2 100.53 NOTE
r-devel-linux-x86_64-fedora-gcc 0.3.2 88.91 OK
r-devel-windows-x86_64-new-UL 0.3.2 13.00 112.00 125.00 OK
r-devel-windows-x86_64-new-TK 0.3.2 OK
r-devel-windows-x86_64-old 0.3.2 11.00 102.00 113.00 OK
r-patched-linux-x86_64 0.3.2 6.13 64.72 70.85 OK
r-release-linux-x86_64 0.3.2 5.60 71.87 77.47 NOTE
r-release-macos-arm64 0.3.2 WARN
r-release-macos-x86_64 0.3.2 OK
r-release-windows-ix86+x86_64 0.3.2 10.00 91.00 101.00 OK
r-oldrel-macos-x86_64 0.3.2 OK
r-oldrel-windows-ix86+x86_64 0.3.2 15.00 92.00 107.00 OK

Check Details

Version: 0.3.2
Check: package dependencies
Result: NOTE
    Suggests orphaned package: 'RGtk2'
Flavors: r-devel-linux-x86_64-debian-clang, r-devel-linux-x86_64-debian-gcc, r-devel-linux-x86_64-fedora-clang, r-release-linux-x86_64

Version: 0.3.2
Check: package dependencies
Result: NOTE
    Package suggested but not available for checking: ‘RGtk2’
Flavor: r-release-macos-arm64

Version: 0.3.2
Check: re-building of vignette outputs
Result: WARN
    Error(s) in re-building vignettes:
     ...
    --- re-building ‘IntroductionToGFD.Rmd’ using rmarkdown
    Quitting from lines 106-107 (IntroductionToGFD.Rmd)
    Error: processing vignette 'IntroductionToGFD.Rmd' failed with diagnostics:
    The GUI cannot be used without packages RGtk2.
    --- failed re-building ‘IntroductionToGFD.Rmd’
    
    SUMMARY: processing the following file failed:
     ‘IntroductionToGFD.Rmd’
    
    Error: Vignette re-building failed.
    Execution halted
Flavor: r-release-macos-arm64