CRAN Package Check Results for Package GENEAsphere

Last updated on 2022-01-22 15:52:12 CET.

Flavor Version Tinstall Tcheck Ttotal Status Flags
r-devel-linux-x86_64-debian-clang 1.5.1 6.78 74.13 80.91 NOTE
r-devel-linux-x86_64-debian-gcc 1.5.1 5.70 57.63 63.33 NOTE
r-devel-linux-x86_64-fedora-clang 1.5.1 99.58 NOTE
r-devel-linux-x86_64-fedora-gcc 1.5.1 86.70 NOTE
r-devel-windows-x86_64-new-UL 1.5.1 382.00 102.00 484.00 NOTE
r-devel-windows-x86_64-new-TK 1.5.1 NOTE
r-patched-linux-x86_64 1.5.1 7.28 70.51 77.79 NOTE
r-release-linux-x86_64 1.5.1 6.97 70.91 77.88 NOTE
r-release-macos-arm64 1.5.1 NOTE
r-release-macos-x86_64 1.5.1 NOTE
r-release-windows-ix86+x86_64 1.5.1 18.00 80.00 98.00 NOTE
r-oldrel-macos-x86_64 1.5.1 OK
r-oldrel-windows-ix86+x86_64 1.5.1 18.00 81.00 99.00 OK

Check Details

Version: 1.5.1
Check: LazyData
Result: NOTE
     'LazyData' is specified without a 'data' directory
Flavors: r-devel-linux-x86_64-debian-clang, r-devel-linux-x86_64-debian-gcc, r-devel-linux-x86_64-fedora-clang, r-devel-linux-x86_64-fedora-gcc, r-devel-windows-x86_64-new-UL, r-devel-windows-x86_64-new-TK, r-patched-linux-x86_64, r-release-linux-x86_64, r-release-macos-arm64, r-release-macos-x86_64, r-release-windows-ix86+x86_64