Last updated on 2023-02-04 16:55:49 CET.
Flavor | Version | Tinstall | Tcheck | Ttotal | Status | Flags |
---|---|---|---|---|---|---|
r-devel-linux-x86_64-debian-clang | 1.5.3 | 5.91 | 49.78 | 55.69 | OK | |
r-devel-linux-x86_64-debian-gcc | 1.5.3 | 4.32 | 38.41 | 42.73 | OK | |
r-devel-linux-x86_64-fedora-clang | 1.5.3 | 70.49 | NOTE | |||
r-devel-linux-x86_64-fedora-gcc | 1.5.3 | 77.46 | OK | |||
r-devel-windows-x86_64 | 1.5.3 | 12.00 | 90.00 | 102.00 | OK | |
r-patched-linux-x86_64 | 1.5.3 | 6.51 | 49.22 | 55.73 | OK | |
r-release-linux-x86_64 | 1.5.3 | 7.08 | 48.34 | 55.42 | OK | |
r-release-macos-arm64 | 1.5.3 | 31.00 | OK | |||
r-release-macos-x86_64 | 1.5.3 | 36.00 | OK | |||
r-release-windows-x86_64 | 1.5.3 | 42.00 | 90.00 | 132.00 | OK | |
r-oldrel-macos-arm64 | 1.5.3 | 34.00 | OK | |||
r-oldrel-macos-x86_64 | 1.5.3 | 40.00 | OK | |||
r-oldrel-windows-ix86+x86_64 | 1.5.3 | 15.00 | 78.00 | 93.00 | OK |
Version: 1.5.3
Check: Rd cross-references
Result: NOTE
Undeclared package ‘mmap’ in Rd xrefs
Flavor: r-devel-linux-x86_64-fedora-clang