Last updated on 2023-02-05 15:55:16 CET.
Flavor | Version | Tinstall | Tcheck | Ttotal | Status | Flags |
---|---|---|---|---|---|---|
r-devel-linux-x86_64-debian-clang | 0.1.1 | 106.10 | 30.47 | 136.57 | NOTE | |
r-devel-linux-x86_64-debian-gcc | 0.1.1 | 83.91 | 23.10 | 107.01 | NOTE | |
r-devel-linux-x86_64-fedora-clang | 0.1.1 | 210.62 | NOTE | |||
r-devel-linux-x86_64-fedora-gcc | 0.1.1 | 187.80 | NOTE | |||
r-devel-windows-x86_64 | 0.1.1 | 93.00 | 77.00 | 170.00 | NOTE | |
r-patched-linux-x86_64 | 0.1.1 | 84.17 | 29.39 | 113.56 | OK | |
r-release-linux-x86_64 | 0.1.1 | 83.52 | 29.93 | 113.45 | OK | |
r-release-macos-arm64 | 0.1.1 | 48.00 | OK | |||
r-release-macos-x86_64 | 0.1.1 | 57.00 | OK | |||
r-release-windows-x86_64 | 0.1.1 | 85.00 | 84.00 | 169.00 | OK | |
r-oldrel-macos-arm64 | 0.1.1 | 51.00 | OK | |||
r-oldrel-macos-x86_64 | 0.1.1 | 94.00 | OK | |||
r-oldrel-windows-ix86+x86_64 | 0.1.1 | 245.00 | 83.00 | 328.00 | OK |
Version: 0.1.1
Check: C++ specification
Result: NOTE
Specified C++11: please update to current default of C++17
Flavors: r-devel-linux-x86_64-debian-clang, r-devel-linux-x86_64-debian-gcc, r-devel-linux-x86_64-fedora-clang, r-devel-linux-x86_64-fedora-gcc, r-devel-windows-x86_64