CRAN Package Check Results for Package GCPM

Last updated on 2024-07-14 15:54:48 CEST.

Flavor Version Tinstall Tcheck Ttotal Status Flags
r-devel-linux-x86_64-debian-clang 1.2.2 21.00 53.52 74.52 OK
r-devel-linux-x86_64-debian-gcc 1.2.2 16.07 40.71 56.78 OK
r-devel-linux-x86_64-fedora-clang 1.2.2 103.73 NOTE
r-devel-linux-x86_64-fedora-gcc 1.2.2 94.56 NOTE
r-devel-windows-x86_64 1.2.2 18.00 88.00 106.00 OK
r-patched-linux-x86_64 1.2.2 19.35 53.81 73.16 OK
r-release-linux-x86_64 1.2.2 17.56 51.71 69.27 OK
r-release-macos-arm64 1.2.2 30.00 OK
r-release-macos-x86_64 1.2.2 55.00 OK
r-release-windows-x86_64 1.2.2 18.00 89.00 107.00 OK
r-oldrel-macos-arm64 1.2.2 35.00 OK
r-oldrel-macos-x86_64 1.2.2 54.00 OK
r-oldrel-windows-x86_64 1.2.2 17.00 104.00 121.00 OK

Check Details

Version: 1.2.2
Check: compiled code
Result: NOTE File ‘GCPM/libs/GCPM.so’: Found no calls to: ‘R_registerRoutines’, ‘R_useDynamicSymbols’ It is good practice to register native routines and to disable symbol search. See ‘Writing portable packages’ in the ‘Writing R Extensions’ manual. Flavors: r-devel-linux-x86_64-fedora-clang, r-devel-linux-x86_64-fedora-gcc