CRAN Package Check Results for Package GALLO

Last updated on 2021-10-26 02:56:30 CEST.

Flavor Version Tinstall Tcheck Ttotal Status Flags
r-devel-linux-x86_64-debian-clang 1.2 8.60 115.17 123.77 OK
r-devel-linux-x86_64-debian-gcc 1.2 7.07 82.83 89.90 OK
r-devel-linux-x86_64-fedora-clang 1.2 155.62 NOTE
r-devel-linux-x86_64-fedora-gcc 1.2 140.02 NOTE
r-devel-windows-x86_64 1.2 15.00 143.00 158.00 OK
r-devel-windows-x86_64-gcc10-UCRT 1.2 NOTE
r-patched-linux-x86_64 1.2 9.70 105.89 115.59 OK
r-patched-solaris-x86 1.2 155.20 NOTE
r-release-linux-x86_64 1.2 8.05 104.87 112.92 OK
r-release-macos-arm64 1.2 NOTE
r-release-macos-x86_64 1.2 WARN
r-release-windows-ix86+x86_64 1.2 18.00 143.00 161.00 OK
r-oldrel-macos-x86_64 1.2 WARN
r-oldrel-windows-ix86+x86_64 1.2 22.00 153.00 175.00 OK

Check Details

Version: 1.2
Check: dependencies in R code
Result: NOTE
    Namespaces in Imports field not imported from:
     ‘DT’ ‘webshot’
     All declared Imports should be used.
Flavors: r-devel-linux-x86_64-fedora-clang, r-devel-linux-x86_64-fedora-gcc, r-devel-windows-x86_64-gcc10-UCRT, r-patched-solaris-x86, r-release-macos-arm64, r-release-macos-x86_64, r-oldrel-macos-x86_64

Version: 1.2
Check: re-building of vignette outputs
Result: WARN
    Error(s) in re-building vignettes:
     ...
    --- re-building ‘GALLO.Rmd’ using rmarkdown
    Warning in engine$weave(file, quiet = quiet, encoding = enc) :
     Pandoc (>= 1.12.3) not available. Falling back to R Markdown v1.
    Quitting from lines 45-59 (GALLO.Rmd)
    Error: processing vignette 'GALLO.Rmd' failed with diagnostics:
    invalid 'path' argument
    --- failed re-building ‘GALLO.Rmd’
    
    SUMMARY: processing the following file failed:
     ‘GALLO.Rmd’
    
    Error: Vignette re-building failed.
    Execution halted
Flavor: r-release-macos-x86_64

Version: 1.2
Check: re-building of vignette outputs
Result: WARN
    Error(s) in re-building vignettes:
     ...
    --- re-building ‘GALLO.Rmd’ using rmarkdown
    Warning in engine$weave(file, quiet = quiet, encoding = enc) :
     Pandoc (>= 1.12.3) and/or pandoc-citeproc not available. Falling back to R Markdown v1.
    Quitting from lines 45-59 (GALLO.Rmd)
    Error: processing vignette 'GALLO.Rmd' failed with diagnostics:
    invalid 'path' argument
    --- failed re-building ‘GALLO.Rmd’
    
    SUMMARY: processing the following file failed:
     ‘GALLO.Rmd’
    
    Error: Vignette re-building failed.
    Execution halted
Flavor: r-oldrel-macos-x86_64