CRAN Package Check Results for Package FuzzySTs

Last updated on 2022-01-29 03:59:22 CET.

Flavor Version Tinstall Tcheck Ttotal Status Flags
r-devel-linux-x86_64-debian-clang 0.2 18.99 164.30 183.29 NOTE
r-devel-linux-x86_64-debian-gcc 0.2 14.30 123.61 137.91 NOTE
r-devel-linux-x86_64-fedora-clang 0.2 219.38 NOTE
r-devel-linux-x86_64-fedora-gcc 0.2 207.62 NOTE
r-devel-windows-x86_64-new-UL 0.2 167.00 200.00 367.00 NOTE
r-devel-windows-x86_64-new-TK 0.2 NOTE
r-patched-linux-x86_64 0.2 14.84 163.45 178.29 NOTE
r-release-linux-x86_64 0.2 14.98 162.11 177.09 NOTE
r-release-macos-arm64 0.2 NOTE
r-release-macos-x86_64 0.2 NOTE
r-release-windows-ix86+x86_64 0.2 30.00 196.00 226.00 NOTE
r-oldrel-macos-x86_64 0.2 OK
r-oldrel-windows-ix86+x86_64 0.2 28.00 192.00 220.00 OK

Check Details

Version: 0.2
Check: LazyData
Result: NOTE
     'LazyData' is specified without a 'data' directory
Flavors: r-devel-linux-x86_64-debian-clang, r-devel-linux-x86_64-debian-gcc, r-devel-linux-x86_64-fedora-clang, r-devel-linux-x86_64-fedora-gcc, r-devel-windows-x86_64-new-UL, r-devel-windows-x86_64-new-TK, r-patched-linux-x86_64, r-release-linux-x86_64, r-release-macos-arm64, r-release-macos-x86_64, r-release-windows-ix86+x86_64