CRAN Package Check Results for Package FuncNN

Last updated on 2021-06-17 03:50:58 CEST.

Flavor Version Tinstall Tcheck Ttotal Status Flags
r-devel-linux-x86_64-debian-clang 1.0 16.96 142.43 159.39 OK
r-devel-linux-x86_64-debian-gcc 1.0 14.28 105.70 119.98 OK
r-devel-linux-x86_64-fedora-clang 1.0 197.75 NOTE
r-devel-linux-x86_64-fedora-gcc 1.0 179.43 NOTE
r-devel-windows-x86_64 1.0 27.00 171.00 198.00 OK
r-devel-windows-x86_64-gcc10-UCRT 1.0 NOTE
r-patched-linux-x86_64 1.0 15.49 131.11 146.60 OK
r-patched-solaris-x86 1.0 268.40 NOTE
r-release-linux-x86_64 1.0 14.35 134.40 148.75 OK
r-release-macos-arm64 1.0 NOTE
r-release-macos-x86_64 1.0 NOTE
r-release-windows-ix86+x86_64 1.0 42.00 163.00 205.00 OK
r-oldrel-macos-x86_64 1.0 NOTE
r-oldrel-windows-ix86+x86_64 1.0 30.00 118.00 148.00 OK

Check Details

Version: 1.0
Check: dependencies in R code
Result: NOTE
    Namespace in Imports field not imported from: ‘foreach’
     All declared Imports should be used.
Flavors: r-devel-linux-x86_64-fedora-clang, r-devel-linux-x86_64-fedora-gcc, r-devel-windows-x86_64-gcc10-UCRT, r-patched-solaris-x86, r-release-macos-arm64, r-release-macos-x86_64, r-oldrel-macos-x86_64