CRAN Package Check Results for Package ForestTools

Last updated on 2022-01-25 04:00:02 CET.

Flavor Version Tinstall Tcheck Ttotal Status Flags
r-devel-linux-x86_64-debian-clang 0.2.5 17.46 139.89 157.35 OK
r-devel-linux-x86_64-debian-gcc 0.2.5 15.43 115.80 131.23 OK
r-devel-linux-x86_64-fedora-clang 0.2.5 199.43 NOTE
r-devel-linux-x86_64-fedora-gcc 0.2.5 191.80 NOTE
r-devel-windows-x86_64-new-UL 0.2.5 118.00 208.00 326.00 OK
r-devel-windows-x86_64-new-TK 0.2.5 NOTE
r-patched-linux-x86_64 0.2.5 20.80 144.62 165.42 OK
r-release-linux-x86_64 0.2.5 17.07 142.65 159.72 OK
r-release-macos-arm64 0.2.5 NOTE
r-release-macos-x86_64 0.2.5 NOTE
r-release-windows-ix86+x86_64 0.2.5 51.00 207.00 258.00 NOTE
r-oldrel-macos-x86_64 0.2.5 NOTE
r-oldrel-windows-ix86+x86_64 0.2.5 49.00 212.00 261.00 NOTE

Check Details

Version: 0.2.5
Check: dependencies in R code
Result: NOTE
    Namespace in Imports field not imported from: ‘methods’
     All declared Imports should be used.
Flavors: r-devel-linux-x86_64-fedora-clang, r-devel-linux-x86_64-fedora-gcc, r-devel-windows-x86_64-new-TK, r-release-macos-arm64, r-release-macos-x86_64, r-oldrel-macos-x86_64

Version: 0.2.5
Check: installed package size
Result: NOTE
     installed size is 5.5Mb
     sub-directories of 1Mb or more:
     data 2.4Mb
     libs 2.0Mb
Flavors: r-release-windows-ix86+x86_64, r-oldrel-windows-ix86+x86_64