CRAN Package Check Results for Package ForestGapR

Last updated on 2022-01-29 03:59:21 CET.

Flavor Version Tinstall Tcheck Ttotal Status Flags
r-devel-linux-x86_64-debian-clang 0.1.6 2.78 78.27 81.05 OK
r-devel-linux-x86_64-debian-gcc 0.1.6 2.07 58.51 60.58 OK
r-devel-linux-x86_64-fedora-clang 0.1.6 91.64 NOTE
r-devel-linux-x86_64-fedora-gcc 0.1.6 83.60 NOTE
r-devel-windows-x86_64-new-UL 0.1.6 32.00 96.00 128.00 OK
r-devel-windows-x86_64-new-TK 0.1.6 NOTE
r-patched-linux-x86_64 0.1.6 2.83 71.09 73.92 OK
r-release-linux-x86_64 0.1.6 1.94 69.73 71.67 OK
r-release-macos-arm64 0.1.6 NOTE
r-release-macos-x86_64 0.1.6 NOTE
r-release-windows-ix86+x86_64 0.1.6 6.00 89.00 95.00 OK
r-oldrel-macos-x86_64 0.1.6 NOTE
r-oldrel-windows-ix86+x86_64 0.1.6 7.00 87.00 94.00 OK

Check Details

Version: 0.1.6
Check: dependencies in R code
Result: NOTE
    Namespaces in Imports field not imported from:
     ‘igraph’ ‘rgeos’ ‘viridis’
     All declared Imports should be used.
Flavors: r-devel-linux-x86_64-fedora-clang, r-devel-linux-x86_64-fedora-gcc, r-devel-windows-x86_64-new-TK, r-release-macos-arm64, r-release-macos-x86_64, r-oldrel-macos-x86_64

Version: 0.1.6
Check: Rd cross-references
Result: NOTE
    Undeclared package ‘rgdal’ in Rd xrefs
Flavor: r-devel-linux-x86_64-fedora-clang