CRAN Package Check Results for Package ForecastComb

Last updated on 2021-11-29 03:53:07 CET.

Flavor Version Tinstall Tcheck Ttotal Status Flags
r-devel-linux-x86_64-debian-clang 1.3.1 OK
r-devel-linux-x86_64-debian-gcc 1.3.1 15.63 166.74 182.37 OK
r-devel-linux-x86_64-fedora-clang 1.3.1 299.87 NOTE
r-devel-linux-x86_64-fedora-gcc 1.3.1 283.55 OK
r-devel-windows-x86_64-new-UL 1.3.1 34.00 276.00 310.00 OK
r-devel-windows-x86_64-new-TK 1.3.1 OK
r-devel-windows-x86_64-old 1.3.1 22.00 224.00 246.00 OK
r-patched-linux-x86_64 1.3.1 25.71 213.09 238.80 OK
r-patched-solaris-x86 1.3.1 371.40 OK
r-release-linux-x86_64 1.3.1 17.55 209.97 227.52 OK
r-release-macos-arm64 1.3.1 OK
r-release-macos-x86_64 1.3.1 OK
r-release-windows-ix86+x86_64 1.3.1 44.00 268.00 312.00 OK
r-oldrel-macos-x86_64 1.3.1 OK
r-oldrel-windows-ix86+x86_64 1.3.1 55.00 269.00 324.00 OK

Check Details

Version: 1.3.1
Check: Rd cross-references
Result: NOTE
    Undeclared package ‘ForecastCombinations’ in Rd xrefs
Flavor: r-devel-linux-x86_64-fedora-clang