CRAN Package Check Results for Package FixSeqMTP

Last updated on 2022-05-19 15:53:18 CEST.

Flavor Version Tinstall Tcheck Ttotal Status Flags
r-devel-linux-x86_64-debian-clang 0.1.2 2.65 40.48 43.13 NOTE
r-devel-linux-x86_64-debian-gcc 0.1.2 1.94 29.86 31.80 NOTE
r-devel-linux-x86_64-fedora-clang 0.1.2 51.71 NOTE
r-devel-linux-x86_64-fedora-gcc 0.1.2 50.59 NOTE
r-devel-windows-x86_64 0.1.2 34.00 55.00 89.00 NOTE
r-patched-linux-x86_64 0.1.2 2.35 38.72 41.07 NOTE
r-release-linux-x86_64 0.1.2 2.45 39.24 41.69 NOTE
r-release-macos-arm64 0.1.2 16.00 NOTE
r-release-macos-x86_64 0.1.2 24.00 NOTE
r-release-windows-x86_64 0.1.2 30.00 56.00 86.00 NOTE
r-oldrel-macos-arm64 0.1.2 18.00 NOTE
r-oldrel-macos-x86_64 0.1.2 29.00 NOTE
r-oldrel-windows-ix86+x86_64 0.1.2 5.00 50.00 55.00 NOTE

Check Details

Version: 0.1.2
Check: LazyData
Result: NOTE
     'LazyData' is specified without a 'data' directory
Flavors: r-devel-linux-x86_64-debian-clang, r-devel-linux-x86_64-debian-gcc, r-devel-linux-x86_64-fedora-clang, r-devel-linux-x86_64-fedora-gcc, r-devel-windows-x86_64, r-patched-linux-x86_64, r-release-linux-x86_64, r-release-macos-arm64, r-release-macos-x86_64, r-release-windows-x86_64, r-oldrel-macos-arm64, r-oldrel-macos-x86_64, r-oldrel-windows-ix86+x86_64