CRAN Package Check Results for Package FishPhyloMaker

Last updated on 2022-01-23 02:56:11 CET.

Flavor Version Tinstall Tcheck Ttotal Status Flags
r-devel-linux-x86_64-debian-clang 0.2.0 3.53 45.24 48.77 OK
r-devel-linux-x86_64-debian-gcc 0.2.0 3.34 34.68 38.02 OK
r-devel-linux-x86_64-fedora-clang 0.2.0 61.00 NOTE
r-devel-linux-x86_64-fedora-gcc 0.2.0 47.95 NOTE
r-devel-windows-x86_64-new-UL 0.2.0 108.00 69.00 177.00 OK
r-devel-windows-x86_64-new-TK 0.2.0 NOTE
r-patched-linux-x86_64 0.2.0 3.28 44.26 47.54 OK
r-release-linux-x86_64 0.2.0 3.70 43.51 47.21 OK
r-release-macos-arm64 0.2.0 NOTE
r-release-macos-x86_64 0.2.0 NOTE
r-release-windows-ix86+x86_64 0.2.0 9.00 54.00 63.00 OK
r-oldrel-macos-x86_64 0.2.0 NOTE
r-oldrel-windows-ix86+x86_64 0.2.0 9.00 54.00 63.00 OK

Check Details

Version: 0.2.0
Check: dependencies in R code
Result: NOTE
    Namespaces in Imports field not imported from:
     ‘knitr’ ‘rmarkdown’ ‘utils’
     All declared Imports should be used.
Flavors: r-devel-linux-x86_64-fedora-clang, r-devel-linux-x86_64-fedora-gcc, r-devel-windows-x86_64-new-TK, r-release-macos-arm64, r-release-macos-x86_64, r-oldrel-macos-x86_64