CRAN Package Check Results for Package FielDHub

Last updated on 2021-10-17 15:48:57 CEST.

Flavor Version Tinstall Tcheck Ttotal Status Flags
r-devel-linux-x86_64-debian-clang 0.1.0 23.53 164.81 188.34 OK
r-devel-linux-x86_64-debian-gcc 0.1.0 17.92 118.69 136.61 OK
r-devel-linux-x86_64-fedora-clang 0.1.0 232.00 NOTE
r-devel-linux-x86_64-fedora-gcc 0.1.0 231.00 NOTE
r-devel-windows-x86_64 0.1.0 36.00 195.00 231.00 OK
r-devel-windows-x86_64-gcc10-UCRT 0.1.0 NOTE
r-patched-linux-x86_64 0.1.0 21.63 156.79 178.42 OK
r-patched-solaris-x86 0.1.0 274.40 NOTE
r-release-linux-x86_64 0.1.0 18.88 157.69 176.57 OK
r-release-macos-arm64 0.1.0 NOTE
r-release-macos-x86_64 0.1.0 NOTE
r-release-windows-ix86+x86_64 0.1.0 32.00 184.00 216.00 OK
r-oldrel-macos-x86_64 0.1.0 NOTE
r-oldrel-windows-ix86+x86_64 0.1.0 44.00 200.00 244.00 OK

Check Details

Version: 0.1.0
Check: dependencies in R code
Result: NOTE
    Namespaces in Imports field not imported from:
     ‘attempt’ ‘glue’
     All declared Imports should be used.
Flavors: r-devel-linux-x86_64-fedora-clang, r-devel-linux-x86_64-fedora-gcc, r-devel-windows-x86_64-gcc10-UCRT, r-patched-solaris-x86, r-release-macos-arm64, r-release-macos-x86_64, r-oldrel-macos-x86_64