CRAN Package Check Results for Package FastPCS

Last updated on 2022-01-16 15:48:27 CET.

Flavor Version Tinstall Tcheck Ttotal Status Flags
r-devel-linux-x86_64-debian-clang 0.1.3 22.99 29.61 52.60 OK
r-devel-linux-x86_64-debian-gcc 0.1.3 17.67 26.24 43.91 OK
r-devel-linux-x86_64-fedora-clang 0.1.3 71.52 NOTE
r-devel-linux-x86_64-fedora-gcc 0.1.3 57.33 OK
r-devel-windows-x86_64-new-UL 0.1.3 35.00 67.00 102.00 OK
r-devel-windows-x86_64-new-TK 0.1.3 OK
r-patched-linux-x86_64 0.1.3 23.07 29.64 52.71 OK
r-release-linux-x86_64 0.1.3 OK
r-release-macos-arm64 0.1.3 NOTE
r-release-macos-x86_64 0.1.3 NOTE
r-release-windows-ix86+x86_64 0.1.3 49.00 63.00 112.00 OK
r-oldrel-macos-x86_64 0.1.3 NOTE
r-oldrel-windows-ix86+x86_64 0.1.3 49.00 61.00 110.00 OK

Check Details

Version: 0.1.3
Check: installed package size
Result: NOTE
     installed size is 8.1Mb
     sub-directories of 1Mb or more:
     libs 8.0Mb
Flavors: r-devel-linux-x86_64-fedora-clang, r-release-macos-arm64, r-release-macos-x86_64, r-oldrel-macos-x86_64