CRAN Package Check Results for Package FactorsR

Last updated on 2022-01-25 15:54:17 CET.

Flavor Version Tinstall Tcheck Ttotal Status Flags
r-devel-linux-x86_64-debian-clang 1.4 3.32 51.36 54.68 OK
r-devel-linux-x86_64-debian-gcc 1.4 3.10 42.65 45.75 OK
r-devel-linux-x86_64-fedora-clang 1.4 65.47 NOTE
r-devel-linux-x86_64-fedora-gcc 1.4 54.50 NOTE
r-devel-windows-x86_64-new-UL 1.4 23.00 70.00 93.00 OK
r-devel-windows-x86_64-new-TK 1.4 NOTE
r-patched-linux-x86_64 1.4 3.73 47.88 51.61 OK
r-release-linux-x86_64 1.4 3.56 47.55 51.11 OK
r-release-macos-arm64 1.4 NOTE
r-release-macos-x86_64 1.4 NOTE
r-release-windows-ix86+x86_64 1.4 8.00 60.00 68.00 OK
r-oldrel-macos-x86_64 1.4 NOTE
r-oldrel-windows-ix86+x86_64 1.4 7.00 58.00 65.00 OK

Check Details

Version: 1.4
Check: Rd cross-references
Result: NOTE
    Undeclared package ‘SciViews’ in Rd xrefs
Flavor: r-devel-linux-x86_64-fedora-clang

Version: 1.4
Check: data for non-ASCII characters
Result: NOTE
     Note: found 5 marked Latin-1 strings
Flavors: r-devel-linux-x86_64-fedora-clang, r-devel-linux-x86_64-fedora-gcc, r-devel-windows-x86_64-new-TK, r-release-macos-arm64, r-release-macos-x86_64, r-oldrel-macos-x86_64

Version: 1.4
Check: package dependencies
Result: NOTE
    Package suggested but not available for checking: 'car'
Flavor: r-devel-windows-x86_64-new-TK

Version: 1.4
Check: Rd cross-references
Result: NOTE
    Package unavailable to check Rd xrefs: 'car'
Flavor: r-devel-windows-x86_64-new-TK