CRAN Package Check Results for Package FactoInvestigate

Last updated on 2025-01-18 04:48:24 CET.

Flavor Version Tinstall Tcheck Ttotal Status Flags
r-devel-linux-x86_64-debian-clang 1.9 10.91 93.26 104.17 NOTE
r-devel-linux-x86_64-debian-gcc 1.9 7.05 63.60 70.65 NOTE
r-devel-linux-x86_64-fedora-clang 1.9 169.32 OK
r-devel-linux-x86_64-fedora-gcc 1.9 157.33 OK
r-devel-windows-x86_64 1.9 17.00 99.00 116.00 NOTE
r-patched-linux-x86_64 1.9 17.62 84.99 102.61 OK
r-release-linux-x86_64 1.9 10.16 84.39 94.55 OK
r-release-macos-arm64 1.9 48.00 OK
r-release-macos-x86_64 1.9 67.00 OK
r-release-windows-x86_64 1.9 15.00 96.00 111.00 OK
r-oldrel-macos-arm64 1.9 50.00 OK
r-oldrel-macos-x86_64 1.9 127.00 OK
r-oldrel-windows-x86_64 1.9 20.00 123.00 143.00 OK

Check Details

Version: 1.9
Check: Rd cross-references
Result: NOTE Found the following Rd file(s) with Rd \link{} targets missing package anchors: Investigate.Rd: CA classif.Rd: HCPC description.Rd: CA factoGraph.Rd: CA graphHab.Rd: CA Please provide package anchors for all Rd \link{} targets not in the package itself and the base packages. Flavors: r-devel-linux-x86_64-debian-clang, r-devel-linux-x86_64-debian-gcc, r-devel-windows-x86_64