CRAN Package Check Results for Package FORTLS

Last updated on 2024-05-17 15:54:07 CEST.

Flavor Version Tinstall Tcheck Ttotal Status Flags
r-devel-linux-x86_64-debian-clang 1.4.0 91.28 537.38 628.66 OK
r-devel-linux-x86_64-debian-gcc 1.4.0 71.86 414.51 486.37 OK
r-devel-linux-x86_64-fedora-clang 1.4.0 781.24 NOTE
r-devel-linux-x86_64-fedora-gcc 1.4.0 801.19 OK
r-devel-windows-x86_64 1.4.0 67.00 378.00 445.00 NOTE
r-patched-linux-x86_64 1.4.0 100.84 542.10 642.94 OK
r-release-linux-x86_64 1.4.0 72.92 537.82 610.74 OK
r-release-macos-arm64 1.4.0 202.00 NOTE
r-release-windows-x86_64 1.4.0 65.00 274.00 339.00 ERROR
r-oldrel-macos-arm64 1.4.0 199.00 NOTE
r-oldrel-macos-x86_64 1.4.0 385.00 NOTE
r-oldrel-windows-x86_64 1.4.0 85.00 476.00 561.00 NOTE

Check Details

Version: 1.4.0
Check: installed package size
Result: NOTE installed size is 5.7Mb sub-directories of 1Mb or more: data 2.7Mb doc 1.1Mb help 1.0Mb Flavors: r-devel-linux-x86_64-fedora-clang, r-devel-windows-x86_64, r-release-macos-arm64, r-release-windows-x86_64, r-oldrel-macos-arm64, r-oldrel-macos-x86_64, r-oldrel-windows-x86_64

Version: 1.4.0
Check: re-building of vignette outputs
Result: ERROR Error(s) in re-building vignettes: --- re-building 'plot_design_optimization.Rmd' using rmarkdown Warning in in_dir(input_dir(), expr) : You changed the working directory to D:/temp/Rtmpi6qseU/RLIBS_474425fc7418/FORTLS/data (probably via setwd()). It will be restored to D:/RCompile/CRANpkg/local/4.4/FORTLS.Rcheck/vign_test/FORTLS/vignettes. See the Note section in ?knitr::knit --- finished re-building 'plot_design_optimization.Rmd' --- re-building 'stand_level.Rmd' using rmarkdown Warning in in_dir(input_dir(), expr) : You changed the working directory to D:/temp/Rtmpi6qseU/RLIBS_474425fc7418/FORTLS/data (probably via setwd()). It will be restored to D:/RCompile/CRANpkg/local/4.4/FORTLS.Rcheck/vign_test/FORTLS/vignettes. See the Note section in ?knitr::knit --- finished re-building 'stand_level.Rmd' --- re-building 'tree_level.Rmd' using rmarkdown trying URL 'https://www.dropbox.com/s/17yl25pbrapat52/PinusRadiata.laz?dl=1' Quitting from lines at lines 22-30 [unnamed-chunk-1] (tree_level.Rmd) Error: processing vignette 'tree_level.Rmd' failed with diagnostics: cannot open URL 'https://www.dropbox.com/s/17yl25pbrapat52/PinusRadiata.laz?dl=1' --- failed re-building 'tree_level.Rmd' SUMMARY: processing the following file failed: 'tree_level.Rmd' Error: Vignette re-building failed. Execution halted Flavor: r-release-windows-x86_64