CRAN Package Check Results for Package FKF.SP

Last updated on 2024-07-23 03:57:23 CEST.

Flavor Version Tinstall Tcheck Ttotal Status Flags
r-devel-linux-x86_64-debian-clang 0.3.1 4.14 94.78 98.92 OK
r-devel-linux-x86_64-debian-gcc 0.3.1 3.09 53.13 56.22 OK
r-devel-linux-x86_64-fedora-clang 0.3.1 122.17 NOTE
r-devel-linux-x86_64-fedora-gcc 0.3.1 103.27 NOTE
r-devel-windows-x86_64 0.3.1 6.00 72.00 78.00 OK
r-patched-linux-x86_64 0.3.1 3.78 66.44 70.22 OK
r-release-linux-x86_64 0.3.1 3.49 66.22 69.71 OK
r-release-macos-arm64 0.3.1 37.00 OK
r-release-macos-x86_64 0.3.1 63.00 OK
r-release-windows-x86_64 0.3.1 7.00 72.00 79.00 OK
r-oldrel-macos-arm64 0.3.1 37.00 OK
r-oldrel-macos-x86_64 0.3.1 63.00 OK
r-oldrel-windows-x86_64 0.3.1 6.00 77.00 83.00 OK

Check Details

Version: 0.3.1
Check: dependencies in R code
Result: NOTE Namespace in Imports field not imported from: ‘mathjaxr’ All declared Imports should be used. Flavors: r-devel-linux-x86_64-fedora-clang, r-devel-linux-x86_64-fedora-gcc