CRAN Package Check Results for Package FFD

Last updated on 2022-01-19 04:48:24 CET.

Flavor Version Tinstall Tcheck Ttotal Status Flags
r-devel-linux-x86_64-debian-clang 1.0-8 11.74 90.12 101.86 OK
r-devel-linux-x86_64-debian-gcc 1.0-8 8.91 74.63 83.54 OK
r-devel-linux-x86_64-fedora-clang 1.0-8 130.12 NOTE
r-devel-linux-x86_64-fedora-gcc 1.0-8 117.64 NOTE
r-devel-windows-x86_64-new-UL 1.0-8 61.00 133.00 194.00 OK
r-devel-windows-x86_64-new-TK 1.0-8 OK
r-patched-linux-x86_64 1.0-8 12.40 90.48 102.88 OK
r-release-linux-x86_64 1.0-8 OK
r-release-macos-arm64 1.0-8 OK
r-release-macos-x86_64 1.0-8 OK
r-release-windows-ix86+x86_64 1.0-8 21.00 131.00 152.00 OK
r-oldrel-macos-x86_64 1.0-8 OK
r-oldrel-windows-ix86+x86_64 1.0-8 22.00 132.00 154.00 OK

Check Details

Version: 1.0-8
Check: compiled code
Result: NOTE
    File ‘FFD/libs/FFD.so’:
     Found no calls to: ‘R_registerRoutines’, ‘R_useDynamicSymbols’
    
    It is good practice to register native routines and to disable symbol
    search.
    
    See ‘Writing portable packages’ in the ‘Writing R Extensions’ manual.
Flavors: r-devel-linux-x86_64-fedora-clang, r-devel-linux-x86_64-fedora-gcc