Last updated on 2022-08-13 04:57:47 CEST.
Flavor | Version | Tinstall | Tcheck | Ttotal | Status | Flags |
---|---|---|---|---|---|---|
r-devel-linux-x86_64-debian-clang | 0.3.0 | 3.07 | 39.80 | 42.87 | OK | |
r-devel-linux-x86_64-debian-gcc | 0.3.0 | 2.62 | 30.05 | 32.67 | OK | |
r-devel-linux-x86_64-fedora-clang | 0.3.0 | 63.10 | OK | |||
r-devel-linux-x86_64-fedora-gcc | 0.3.0 | 60.83 | OK | |||
r-devel-windows-x86_64 | 0.3.0 | 49.00 | 70.00 | 119.00 | OK | |
r-patched-linux-x86_64 | 0.3.0 | 6.40 | 37.63 | 44.03 | OK | |
r-release-linux-x86_64 | 0.3.0 | 4.38 | 37.54 | 41.92 | OK | |
r-release-macos-arm64 | 0.3.0 | 24.00 | OK | |||
r-release-macos-x86_64 | 0.3.0 | 29.00 | OK | |||
r-release-windows-x86_64 | 0.3.0 | 61.00 | 78.00 | 139.00 | OK | |
r-oldrel-macos-arm64 | 0.3.0 | 27.00 | OK | |||
r-oldrel-macos-x86_64 | 0.3.0 | 35.00 | OK | |||
r-oldrel-windows-ix86+x86_64 | 0.3.0 | 8.00 | 53.00 | 61.00 | WARN |
Version: 0.3.0
Check: re-building of vignette outputs
Result: WARN
Error(s) in re-building vignettes:
--- re-building 'FAMoS-EvaluationFunctions.Rmd' using rmarkdown
Error: processing vignette 'FAMoS-EvaluationFunctions.Rmd' failed with diagnostics:
only `math_method = 'mathjax'` is supported with earlier version than Pandoc 2.0
--- failed re-building 'FAMoS-EvaluationFunctions.Rmd'
--- re-building 'FAMoS-Examples.Rmd' using rmarkdown
Error: processing vignette 'FAMoS-Examples.Rmd' failed with diagnostics:
only `math_method = 'mathjax'` is supported with earlier version than Pandoc 2.0
--- failed re-building 'FAMoS-Examples.Rmd'
SUMMARY: processing the following files failed:
'FAMoS-EvaluationFunctions.Rmd' 'FAMoS-Examples.Rmd'
Error: Vignette re-building failed.
Execution halted
Flavor: r-oldrel-windows-ix86+x86_64