Last updated on 2023-03-26 03:50:09 CEST.
Flavor | Version | Tinstall | Tcheck | Ttotal | Status | Flags |
---|---|---|---|---|---|---|
r-devel-linux-x86_64-debian-clang | 0.2.0 | 2.62 | 53.60 | 56.22 | NOTE | |
r-devel-linux-x86_64-debian-gcc | 0.2.0 | 1.66 | 41.93 | 43.59 | NOTE | |
r-devel-linux-x86_64-fedora-gcc | 0.2.0 | 79.16 | NOTE | |||
r-devel-windows-x86_64 | 0.2.0 | 6.00 | 96.00 | 102.00 | NOTE | |
r-patched-linux-x86_64 | 0.2.0 | 2.61 | 51.35 | 53.96 | NOTE | |
r-release-linux-x86_64 | 0.2.0 | 2.56 | 54.27 | 56.83 | NOTE | |
r-release-macos-arm64 | 0.2.0 | 28.00 | NOTE | |||
r-release-macos-x86_64 | 0.2.0 | 50.00 | NOTE | |||
r-release-windows-x86_64 | 0.2.0 | 27.00 | 99.00 | 126.00 | NOTE | |
r-oldrel-macos-arm64 | 0.2.0 | 34.00 | NOTE | |||
r-oldrel-macos-x86_64 | 0.2.0 | 49.00 | NOTE | |||
r-oldrel-windows-ix86+x86_64 | 0.2.0 | 7.00 | 85.00 | 92.00 | NOTE |
Version: 0.2.0
Check: LazyData
Result: NOTE
'LazyData' is specified without a 'data' directory
Flavors: r-devel-linux-x86_64-debian-clang, r-devel-linux-x86_64-debian-gcc, r-devel-linux-x86_64-fedora-gcc, r-devel-windows-x86_64, r-patched-linux-x86_64, r-release-linux-x86_64, r-release-macos-arm64, r-release-macos-x86_64, r-release-windows-x86_64, r-oldrel-macos-arm64, r-oldrel-macos-x86_64, r-oldrel-windows-ix86+x86_64