CRAN Package Check Results for Package Evacluster

Last updated on 2024-07-19 03:57:20 CEST.

Flavor Version Tinstall Tcheck Ttotal Status Flags
r-devel-linux-x86_64-debian-clang 0.1.0 1.74 41.91 43.65 NOTE
r-devel-linux-x86_64-debian-gcc 0.1.0 2.13 30.54 32.67 NOTE
r-devel-linux-x86_64-fedora-clang 0.1.0 57.13 NOTE
r-devel-linux-x86_64-fedora-gcc 0.1.0 51.42 NOTE
r-devel-windows-x86_64 0.1.0 4.00 60.00 64.00 NOTE
r-patched-linux-x86_64 0.1.0 2.21 40.56 42.77 NOTE
r-release-linux-x86_64 0.1.0 2.43 39.78 42.21 NOTE
r-release-macos-arm64 0.1.0 19.00 NOTE
r-release-macos-x86_64 0.1.0 31.00 NOTE
r-release-windows-x86_64 0.1.0 3.00 61.00 64.00 NOTE
r-oldrel-macos-arm64 0.1.0 21.00 OK
r-oldrel-macos-x86_64 0.1.0 33.00 OK
r-oldrel-windows-x86_64 0.1.0 3.00 64.00 67.00 OK

Check Details

Version: 0.1.0
Check: Rd files
Result: NOTE checkRd: (-1) FuzzyCluster.Rd:15: Lost braces; missing escapes or markup? 15 | A list of cluster labels and a R object of class "fcm {ppclust}" | ^ checkRd: (-1) pamCluster.Rd:15: Lost braces; missing escapes or markup? 15 | A list of cluster labels and a R object of class "pam {cluster}" | ^ Flavors: r-devel-linux-x86_64-debian-clang, r-devel-linux-x86_64-debian-gcc, r-devel-linux-x86_64-fedora-clang, r-devel-linux-x86_64-fedora-gcc, r-devel-windows-x86_64, r-patched-linux-x86_64, r-release-linux-x86_64, r-release-macos-arm64, r-release-macos-x86_64, r-release-windows-x86_64