CRAN Package Check Results for Package EnvStats

Last updated on 2021-10-23 05:02:32 CEST.

Flavor Version Tinstall Tcheck Ttotal Status Flags
r-devel-linux-x86_64-debian-clang 2.4.0 64.35 460.40 524.75 OK
r-devel-linux-x86_64-debian-gcc 2.4.0 55.12 329.74 384.86 OK
r-devel-linux-x86_64-fedora-clang 2.4.0 659.19 NOTE
r-devel-linux-x86_64-fedora-gcc 2.4.0 632.31 OK
r-devel-windows-x86_64 2.4.0 104.00 564.00 668.00 NOTE
r-devel-windows-x86_64-gcc10-UCRT 2.4.0 OK
r-patched-linux-x86_64 2.4.0 83.24 433.63 516.87 OK
r-patched-solaris-x86 2.4.0 681.50 NOTE
r-release-linux-x86_64 2.4.0 64.55 429.49 494.04 OK
r-release-macos-arm64 2.4.0 NOTE
r-release-macos-x86_64 2.4.0 NOTE
r-release-windows-ix86+x86_64 2.4.0 77.00 523.00 600.00 NOTE
r-oldrel-macos-x86_64 2.4.0 NOTE
r-oldrel-windows-ix86+x86_64 2.4.0 108.00 558.00 666.00 NOTE

Check Details

Version: 2.4.0
Check: installed package size
Result: NOTE
     installed size is 6.4Mb
     sub-directories of 1Mb or more:
     R 2.3Mb
     help 3.4Mb
Flavors: r-devel-linux-x86_64-fedora-clang, r-devel-windows-x86_64, r-patched-solaris-x86, r-release-macos-arm64, r-release-macos-x86_64, r-release-windows-ix86+x86_64, r-oldrel-macos-x86_64, r-oldrel-windows-ix86+x86_64

Version: 2.4.0
Check: Rd cross-references
Result: NOTE
    Undeclared package ‘Hmisc’ in Rd xrefs
Flavor: r-devel-linux-x86_64-fedora-clang