CRAN Package Check Results for Package EntropyMCMC

Last updated on 2022-01-21 03:55:57 CET.

Flavor Version Tinstall Tcheck Ttotal Status Flags
r-devel-linux-x86_64-debian-clang 1.0.4 OK
r-devel-linux-x86_64-debian-gcc 1.0.4 10.21 83.33 93.54 OK
r-devel-linux-x86_64-fedora-clang 1.0.4 146.28 OK
r-devel-linux-x86_64-fedora-gcc 1.0.4 139.39 OK
r-devel-windows-x86_64-new-UL 1.0.4 67.00 133.00 200.00 OK
r-devel-windows-x86_64-new-TK 1.0.4 OK
r-patched-linux-x86_64 1.0.4 10.83 104.97 115.80 OK
r-release-linux-x86_64 1.0.4 12.05 104.68 116.73 OK
r-release-macos-arm64 1.0.4 NOTE
r-release-macos-x86_64 1.0.4 NOTE
r-release-windows-ix86+x86_64 1.0.4 26.00 164.00 190.00 OK
r-oldrel-macos-x86_64 1.0.4 NOTE
r-oldrel-windows-ix86+x86_64 1.0.4 26.00 170.00 196.00 OK

Check Details

Version: 1.0.4
Check: package dependencies
Result: NOTE
    Package suggested but not available for checking: ‘Rmpi’
Flavors: r-release-macos-arm64, r-release-macos-x86_64, r-oldrel-macos-x86_64