Last updated on 2022-06-28 15:53:16 CEST.
Flavor | Version | Tinstall | Tcheck | Ttotal | Status | Flags |
---|---|---|---|---|---|---|
r-devel-linux-x86_64-debian-clang | 0.665.6.3 | 25.64 | 397.40 | 423.04 | NOTE | |
r-devel-linux-x86_64-debian-gcc | 0.665.6.3 | 24.97 | 286.08 | 311.05 | NOTE | |
r-devel-linux-x86_64-fedora-clang | 0.665.6.3 | 506.95 | NOTE | |||
r-devel-linux-x86_64-fedora-gcc | 0.665.6.3 | 520.99 | NOTE | |||
r-devel-windows-x86_64 | 0.665.6.3 | 35.00 | 427.00 | 462.00 | OK | |
r-patched-linux-x86_64 | 0.665.6.3 | 32.29 | 382.81 | 415.10 | NOTE | |
r-release-linux-x86_64 | 0.665.6.3 | 29.05 | 384.11 | 413.16 | NOTE | |
r-release-macos-arm64 | 0.665.6.3 | 97.00 | OK | |||
r-release-macos-x86_64 | 0.665.6.3 | 157.00 | OK | |||
r-release-windows-x86_64 | 0.665.6.3 | 41.00 | 387.00 | 428.00 | OK | |
r-oldrel-macos-arm64 | 0.665.6.3 | 101.00 | OK | |||
r-oldrel-macos-x86_64 | 0.665.6.3 | 154.00 | OK | |||
r-oldrel-windows-ix86+x86_64 | 0.665.6.3 | 69.00 | 406.00 | 475.00 | OK |
Version: 0.665.6.3
Check: package dependencies
Result: NOTE
Package suggested but not available for checking: 'osmar'
Flavors: r-devel-linux-x86_64-debian-clang, r-devel-linux-x86_64-debian-gcc, r-devel-linux-x86_64-fedora-clang, r-devel-linux-x86_64-fedora-gcc, r-patched-linux-x86_64, r-release-linux-x86_64