CRAN Package Check Results for Package EmiR

Last updated on 2022-12-04 15:53:37 CET.

Flavor Version Tinstall Tcheck Ttotal Status Flags
r-devel-linux-x86_64-debian-clang 1.0.3 402.07 49.72 451.79 NOTE
r-devel-linux-x86_64-debian-gcc 1.0.3 314.33 38.00 352.33 NOTE
r-devel-linux-x86_64-fedora-clang 1.0.3 796.73 WARN
r-devel-linux-x86_64-fedora-gcc 1.0.3 629.64 NOTE
r-devel-windows-x86_64 1.0.3 326.00 115.00 441.00 NOTE
r-patched-linux-x86_64 1.0.3 234.53 44.75 279.28 OK
r-release-linux-x86_64 1.0.3 251.04 44.43 295.47 OK
r-release-macos-arm64 1.0.3 153.00 NOTE
r-release-macos-x86_64 1.0.3 198.00 NOTE
r-release-windows-x86_64 1.0.3 384.00 113.00 497.00 OK
r-oldrel-macos-arm64 1.0.3 155.00 NOTE
r-oldrel-macos-x86_64 1.0.3 191.00 NOTE
r-oldrel-windows-ix86+x86_64 1.0.3 968.00 113.00 1081.00 OK

Additional issues

clang-ASAN

Check Details

Version: 1.0.3
Check: Rd files
Result: NOTE
    checkRd: (-1) freudenstein_roth_func.Rd:29: Escaped LaTeX specials: \&
Flavors: r-devel-linux-x86_64-debian-clang, r-devel-linux-x86_64-debian-gcc, r-devel-linux-x86_64-fedora-clang, r-devel-linux-x86_64-fedora-gcc, r-devel-windows-x86_64

Version: 1.0.3
Check: compiled code
Result: WARN
    File ‘EmiR/libs/EmiR.so’:
     Found ‘sprintf’, possibly from ‘sprintf’ (C)
     Object: ‘test-runner.o’
    
    Compiled code should not call entry points which might terminate R nor
    write to stdout/stderr instead of to the console, nor use Fortran I/O
    nor system RNGs nor [v]sprintf.
    
    See ‘Writing portable packages’ in the ‘Writing R Extensions’ manual.
Flavor: r-devel-linux-x86_64-fedora-clang

Version: 1.0.3
Check: installed package size
Result: NOTE
     installed size is 15.2Mb
     sub-directories of 1Mb or more:
     libs 14.8Mb
Flavors: r-release-macos-arm64, r-release-macos-x86_64, r-oldrel-macos-arm64, r-oldrel-macos-x86_64