CRAN Package Check Results for Package EloChoice

Last updated on 2022-01-22 03:56:43 CET.

Flavor Version Tinstall Tcheck Ttotal Status Flags
r-devel-linux-x86_64-debian-clang 0.29.4 30.69 115.73 146.42 OK
r-devel-linux-x86_64-debian-gcc 0.29.4 22.70 94.74 117.44 OK
r-devel-linux-x86_64-fedora-clang 0.29.4 192.76 NOTE
r-devel-linux-x86_64-fedora-gcc 0.29.4 192.75 OK
r-devel-windows-x86_64-new-UL 0.29.4 62.00 166.00 228.00 OK
r-devel-windows-x86_64-new-TK 0.29.4 OK
r-patched-linux-x86_64 0.29.4 29.88 108.69 138.57 OK
r-release-linux-x86_64 0.29.4 28.34 110.35 138.69 OK
r-release-macos-arm64 0.29.4 OK
r-release-macos-x86_64 0.29.4 OK
r-release-windows-ix86+x86_64 0.29.4 79.00 176.00 255.00 OK
r-oldrel-macos-x86_64 0.29.4 OK
r-oldrel-windows-ix86+x86_64 0.29.4 79.00 177.00 256.00 OK

Check Details

Version: 0.29.4
Check: Rd cross-references
Result: NOTE
    Undeclared package ‘EloRating’ in Rd xrefs
Flavor: r-devel-linux-x86_64-fedora-clang